{"id":16,"date":"2025-01-09T17:24:04","date_gmt":"2025-01-09T17:24:04","guid":{"rendered":"https:\/\/www.boyam.sn\/index.php\/lp-become-a-teacher\/"},"modified":"2025-01-20T16:47:38","modified_gmt":"2025-01-20T16:47:38","slug":"inscription","status":"publish","type":"page","link":"https:\/\/boyam.sn\/index.php\/inscription\/","title":{"rendered":"Inscription"},"content":{"rendered":"\t\t<div data-elementor-type=\"wp-page\" data-elementor-id=\"16\" class=\"elementor elementor-16\">\n\t\t\t\t\t\t<section class=\"elementor-section elementor-top-section elementor-element elementor-element-729f8c7 elementor-section-boxed elementor-section-height-default elementor-section-height-default\" data-id=\"729f8c7\" data-element_type=\"section\">\n\t\t\t\t\t\t<div class=\"elementor-container elementor-column-gap-extended\">\n\t\t\t\t\t<div class=\"elementor-column elementor-col-50 elementor-top-column elementor-element elementor-element-840718b\" data-id=\"840718b\" data-element_type=\"column\">\n\t\t\t<div class=\"elementor-widget-wrap elementor-element-populated\">\n\t\t\t\t\t\t<div class=\"elementor-element elementor-element-0d7935f elementor-widget__width-auto elementor-absolute elementor-hidden-tablet elementor-hidden-mobile elementor-invisible elementor-widget elementor-widget-edublink-animation\" data-id=\"0d7935f\" data-element_type=\"widget\" data-settings=\"{&quot;_position&quot;:&quot;absolute&quot;,&quot;_animation&quot;:&quot;fadeIn&quot;,&quot;_animation_delay&quot;:500}\" data-widget_type=\"edublink-animation.default\">\n\t\t\t\t<div class=\"elementor-widget-container\">\n\t\t\t\t\t<div class=\"edublink-animation-widget edublink-animation-display-type-mouse-track edublink-animation-content-type-image edublink-mouse-track-item\"><span data-depth=\"1\"><img decoding=\"async\" src=\"https:\/\/boyam.sn\/wp-content\/uploads\/2023\/06\/shape-51.png\" alt=\"shape-51\"><\/span><\/div>\t\t\t\t<\/div>\n\t\t\t\t<\/div>\n\t\t\t\t<div class=\"elementor-element elementor-element-210d955 elementor-widget__width-auto elementor-absolute elementor-hidden-tablet elementor-hidden-mobile elementor-invisible elementor-widget elementor-widget-edublink-animation\" data-id=\"210d955\" data-element_type=\"widget\" data-settings=\"{&quot;_position&quot;:&quot;absolute&quot;,&quot;_animation&quot;:&quot;fadeIn&quot;,&quot;_animation_delay&quot;:500}\" data-widget_type=\"edublink-animation.default\">\n\t\t\t\t<div class=\"elementor-widget-container\">\n\t\t\t\t\t<div class=\"edublink-animation-widget edublink-animation-display-type-mouse-track edublink-animation-content-type-image edublink-mouse-track-item\"><span data-depth=\"-1\"><img decoding=\"async\" src=\"https:\/\/boyam.sn\/wp-content\/uploads\/2023\/06\/shape-52-1.png\" alt=\"shape-52\"><\/span><\/div>\t\t\t\t<\/div>\n\t\t\t\t<\/div>\n\t\t\t\t<div class=\"elementor-element elementor-element-edd4078 elementor-widget__width-auto elementor-absolute elementor-hidden-mobile elementor-invisible elementor-widget elementor-widget-image\" data-id=\"edd4078\" data-element_type=\"widget\" data-settings=\"{&quot;_position&quot;:&quot;absolute&quot;,&quot;_animation&quot;:&quot;edublink--slide-down&quot;,&quot;_animation_delay&quot;:300}\" data-widget_type=\"image.default\">\n\t\t\t\t<div class=\"elementor-widget-container\">\n\t\t\t\t\t\t\t\t\t\t\t\t\t\t\t<img fetchpriority=\"high\" decoding=\"async\" width=\"270\" height=\"190\" src=\"https:\/\/boyam.sn\/wp-content\/uploads\/2025\/01\/16.png\" class=\"attachment-full size-full wp-image-20173\" alt=\"\" \/>\t\t\t\t\t\t\t\t\t\t\t\t\t\t\t<\/div>\n\t\t\t\t<\/div>\n\t\t\t\t<div class=\"elementor-element elementor-element-a8b998c elementor-invisible elementor-widget elementor-widget-image\" data-id=\"a8b998c\" data-element_type=\"widget\" data-settings=\"{&quot;_animation&quot;:&quot;edublink--slide-right&quot;,&quot;_animation_delay&quot;:150}\" data-widget_type=\"image.default\">\n\t\t\t\t<div class=\"elementor-widget-container\">\n\t\t\t\t\t\t\t\t\t\t\t\t\t\t\t<img decoding=\"async\" width=\"2560\" height=\"1707\" src=\"https:\/\/boyam.sn\/wp-content\/uploads\/2025\/01\/DSC00129-scaled.jpg\" class=\"attachment-full size-full wp-image-20078\" alt=\"\" srcset=\"https:\/\/boyam.sn\/wp-content\/uploads\/2025\/01\/DSC00129-scaled.jpg 2560w, https:\/\/boyam.sn\/wp-content\/uploads\/2025\/01\/DSC00129-300x200.jpg 300w, https:\/\/boyam.sn\/wp-content\/uploads\/2025\/01\/DSC00129-1024x683.jpg 1024w, https:\/\/boyam.sn\/wp-content\/uploads\/2025\/01\/DSC00129-768x512.jpg 768w, https:\/\/boyam.sn\/wp-content\/uploads\/2025\/01\/DSC00129-1536x1024.jpg 1536w, https:\/\/boyam.sn\/wp-content\/uploads\/2025\/01\/DSC00129-2048x1365.jpg 2048w\" sizes=\"(max-width: 2560px) 100vw, 2560px\" \/>\t\t\t\t\t\t\t\t\t\t\t\t\t\t\t<\/div>\n\t\t\t\t<\/div>\n\t\t\t\t\t<\/div>\n\t\t<\/div>\n\t\t\t\t<div class=\"elementor-column elementor-col-50 elementor-top-column elementor-element elementor-element-6135e64\" data-id=\"6135e64\" data-element_type=\"column\">\n\t\t\t<div class=\"elementor-widget-wrap elementor-element-populated\">\n\t\t\t\t\t\t<div class=\"elementor-element elementor-element-ad8c46c edublink-br-tp-none elementor-invisible elementor-widget elementor-widget-edublink-heading\" data-id=\"ad8c46c\" data-element_type=\"widget\" data-settings=\"{&quot;_animation&quot;:&quot;edublink--slide-up&quot;,&quot;_animation_delay&quot;:150}\" data-widget_type=\"edublink-heading.default\">\n\t\t\t\t<div class=\"elementor-widget-container\">\n\t\t\t\t\t<div class=\"edublink-section-heading\"><span class=\"pre-heading\">Inscription<\/span><h3 class=\"heading\">Merci de votre int\u00e9r\u00eat pour la cr\u00e8che Boyam<\/h3><div class=\"title-shape\"><i class=\"icon-19\"><\/i><\/div><div class=\"sub-heading\"><p>Boyam proposent un programme d'apprentissage innovant pour les enfants de 2 \u00e0 38 mois. Boyam soutient et promeut l'autonomie du tout petit par une approche dynamique centr\u00e9e sur son besoin de construire et de vivre des relations interpersonnelles attentionn\u00e9es et fiables ainsi que la libert\u00e9 de mouvement et le plaisir d'agir, comme moteurs de d\u00e9veloppement.<\/p><p>La philosophie de la cr\u00e8che Boyam est bas\u00e9e sur notre conviction fondamentale en la comp\u00e9tence de CHAQUE enfant. Nous cherchons \u00e0 co-creer avec les enfants, leurs familles et les facilitateurs, des environnements d'apprentissage de haute qualit\u00e9 qui favorisent l'autonomie et stimulent une curiosit\u00e9 permanente pour le monde qui les entoure et qui aident \u00e0 la compr\u00e9hension de la diversit\u00e9 des peuples et des environnements qui composent notre monde. Il s'agit d'assoir l'autonomie de l'enfant comme principe de base de son \u00e9ducation et lib\u00e9rer son plein potentiel dans une approche de responsabilisation et d'ind\u00e9pendance<\/p><\/div><\/div>\t\t\t\t<\/div>\n\t\t\t\t<\/div>\n\t\t\t\t<div class=\"elementor-element elementor-element-0592b02 elementor-invisible elementor-widget elementor-widget-edublink-button\" data-id=\"0592b02\" data-element_type=\"widget\" data-settings=\"{&quot;_animation&quot;:&quot;edublink--slide-up&quot;,&quot;_animation_delay&quot;:400}\" data-widget_type=\"edublink-button.default\">\n\t\t\t\t<div class=\"elementor-widget-container\">\n\t\t\t\t\t<div class=\"edublink-button-widget-wrapper\"><a class=\"edublink-button-item edublink-button-style-default edublink-button-size-custom edublink-button-icon-position-after default-style\" href=\"https:\/\/www.boyam.sn\/index.php\/formulaire-dinscription-du-boyam\/\">Inscrivez votre Boyam<i class=\"icon-4\"><\/i><\/a><\/div>\t\t\t\t<\/div>\n\t\t\t\t<\/div>\n\t\t\t\t\t<\/div>\n\t\t<\/div>\n\t\t\t\t\t<\/div>\n\t\t<\/section>\n\t\t<div class=\"elementor-element elementor-element-d297f46 e-flex e-con-boxed e-con e-parent\" data-id=\"d297f46\" data-element_type=\"container\">\n\t\t\t\t\t<div class=\"e-con-inner\">\n\t\t\t\t<div class=\"elementor-element elementor-element-9b352ff elementor-widget elementor-widget-spacer\" data-id=\"9b352ff\" data-element_type=\"widget\" data-widget_type=\"spacer.default\">\n\t\t\t\t<div class=\"elementor-widget-container\">\n\t\t\t\t\t\t\t<div class=\"elementor-spacer\">\n\t\t\t<div class=\"elementor-spacer-inner\"><\/div>\n\t\t<\/div>\n\t\t\t\t\t\t<\/div>\n\t\t\t\t<\/div>\n\t\t\t\t<div class=\"elementor-element elementor-element-8700c28 edublink-br-tp-none elementor-invisible elementor-widget elementor-widget-edublink-heading\" data-id=\"8700c28\" data-element_type=\"widget\" data-settings=\"{&quot;_animation&quot;:&quot;edublink--slide-up&quot;,&quot;_animation_delay&quot;:150}\" data-widget_type=\"edublink-heading.default\">\n\t\t\t\t<div class=\"elementor-widget-container\">\n\t\t\t\t\t<div class=\"edublink-section-heading\"><h3 class=\"heading\">Nos Horaires<\/h3><div class=\"title-shape\"><i class=\"icon-19\"><\/i><\/div><\/div>\t\t\t\t<\/div>\n\t\t\t\t<\/div>\n\t\t\t\t<div class=\"elementor-element elementor-element-d575e9b elementor-widget elementor-widget-image\" data-id=\"d575e9b\" data-element_type=\"widget\" data-widget_type=\"image.default\">\n\t\t\t\t<div class=\"elementor-widget-container\">\n\t\t\t\t\t\t\t\t\t\t\t\t\t\t\t<img decoding=\"async\" width=\"920\" height=\"100\" src=\"https:\/\/boyam.sn\/wp-content\/uploads\/2025\/01\/horaire-boyam.png\" class=\"attachment-full size-full wp-image-20003\" alt=\"\" srcset=\"https:\/\/boyam.sn\/wp-content\/uploads\/2025\/01\/horaire-boyam.png 920w, https:\/\/boyam.sn\/wp-content\/uploads\/2025\/01\/horaire-boyam-300x33.png 300w, https:\/\/boyam.sn\/wp-content\/uploads\/2025\/01\/horaire-boyam-768x83.png 768w\" sizes=\"(max-width: 920px) 100vw, 920px\" \/>\t\t\t\t\t\t\t\t\t\t\t\t\t\t\t<\/div>\n\t\t\t\t<\/div>\n\t\t\t\t\t<\/div>\n\t\t\t\t<\/div>\n\t\t<div class=\"elementor-element elementor-element-a8679f6 e-flex e-con-boxed e-con e-parent\" data-id=\"a8679f6\" data-element_type=\"container\">\n\t\t\t\t\t<div class=\"e-con-inner\">\n\t\t\t\t<div class=\"elementor-element elementor-element-9406095 edublink-br-tp-none elementor-invisible elementor-widget elementor-widget-edublink-heading\" data-id=\"9406095\" data-element_type=\"widget\" data-settings=\"{&quot;_animation&quot;:&quot;edublink--slide-up&quot;,&quot;_animation_delay&quot;:150}\" data-widget_type=\"edublink-heading.default\">\n\t\t\t\t<div class=\"elementor-widget-container\">\n\t\t\t\t\t<div class=\"edublink-section-heading\"><h3 class=\"heading\">Nos tarifs<\/h3><div class=\"title-shape\"><i class=\"icon-19\"><\/i><\/div><\/div>\t\t\t\t<\/div>\n\t\t\t\t<\/div>\n\t\t\t\t<div class=\"elementor-element elementor-element-466002f elementor-widget elementor-widget-image\" data-id=\"466002f\" data-element_type=\"widget\" data-widget_type=\"image.default\">\n\t\t\t\t<div class=\"elementor-widget-container\">\n\t\t\t\t\t\t\t\t\t\t\t\t\t\t\t<img loading=\"lazy\" decoding=\"async\" width=\"553\" height=\"348\" src=\"https:\/\/boyam.sn\/wp-content\/uploads\/2025\/01\/tarifs-boyam.png\" class=\"attachment-1536x1536 size-1536x1536 wp-image-20004\" alt=\"\" srcset=\"https:\/\/boyam.sn\/wp-content\/uploads\/2025\/01\/tarifs-boyam.png 553w, https:\/\/boyam.sn\/wp-content\/uploads\/2025\/01\/tarifs-boyam-300x189.png 300w\" sizes=\"(max-width: 553px) 100vw, 553px\" \/>\t\t\t\t\t\t\t\t\t\t\t\t\t\t\t<\/div>\n\t\t\t\t<\/div>\n\t\t\t\t\t<\/div>\n\t\t\t\t<\/div>\n\t\t\t\t<section class=\"elementor-section elementor-top-section elementor-element elementor-element-0273209 elementor-section-boxed elementor-section-height-default elementor-section-height-default\" data-id=\"0273209\" data-element_type=\"section\">\n\t\t\t\t\t\t<div class=\"elementor-container elementor-column-gap-default\">\n\t\t\t\t\t<div class=\"elementor-column elementor-col-100 elementor-top-column elementor-element elementor-element-53309ce\" data-id=\"53309ce\" data-element_type=\"column\">\n\t\t\t<div class=\"elementor-widget-wrap elementor-element-populated\">\n\t\t\t\t\t\t<div class=\"elementor-element elementor-element-27f3cd1 elementor-widget-divider--view-line elementor-widget elementor-widget-divider\" data-id=\"27f3cd1\" data-element_type=\"widget\" data-widget_type=\"divider.default\">\n\t\t\t\t<div class=\"elementor-widget-container\">\n\t\t\t\t\t\t\t<div class=\"elementor-divider\">\n\t\t\t<span class=\"elementor-divider-separator\">\n\t\t\t\t\t\t<\/span>\n\t\t<\/div>\n\t\t\t\t\t\t<\/div>\n\t\t\t\t<\/div>\n\t\t\t\t<div class=\"elementor-element elementor-element-64f9b42 elementor-widget elementor-widget-heading\" data-id=\"64f9b42\" data-element_type=\"widget\" data-widget_type=\"heading.default\">\n\t\t\t\t<div class=\"elementor-widget-container\">\n\t\t\t\t\t<h3 class=\"elementor-heading-title elementor-size-default\">Contactez-nous<\/h3>\t\t\t\t<\/div>\n\t\t\t\t<\/div>\n\t\t\t\t<div class=\"elementor-element elementor-element-feb9f59 elementor-widget elementor-widget-heading\" data-id=\"feb9f59\" data-element_type=\"widget\" data-widget_type=\"heading.default\">\n\t\t\t\t<div class=\"elementor-widget-container\">\n\t\t\t\t\t<h5 class=\"elementor-heading-title elementor-size-default\">Adresse<\/h5>\t\t\t\t<\/div>\n\t\t\t\t<\/div>\n\t\t\t\t<div class=\"elementor-element elementor-element-67ee5df elementor-widget elementor-widget-text-editor\" data-id=\"67ee5df\" data-element_type=\"widget\" data-widget_type=\"text-editor.default\">\n\t\t\t\t<div class=\"elementor-widget-container\">\n\t\t\t\t\t\t\t\t\t<p>Libert\u00e9 6 extension, en face camp p\u00e9nal<\/p>\t\t\t\t\t\t\t\t<\/div>\n\t\t\t\t<\/div>\n\t\t\t\t<div class=\"elementor-element elementor-element-a7dace7 elementor-widget elementor-widget-heading\" data-id=\"a7dace7\" data-element_type=\"widget\" data-widget_type=\"heading.default\">\n\t\t\t\t<div class=\"elementor-widget-container\">\n\t\t\t\t\t<h5 class=\"elementor-heading-title elementor-size-default\">Email<\/h5>\t\t\t\t<\/div>\n\t\t\t\t<\/div>\n\t\t\t\t<div class=\"elementor-element elementor-element-bc34bcf    elementor-widget elementor-widget-text-editor\" data-id=\"bc34bcf\" data-element_type=\"widget\" data-widget_type=\"text-editor.default\">\n\t\t\t\t<div class=\"elementor-widget-container\">\n\t\t\t\t\t\t\t\t\t<p>contact@boyam.sn<\/p>\t\t\t\t\t\t\t\t<\/div>\n\t\t\t\t<\/div>\n\t\t\t\t<div class=\"elementor-element elementor-element-2a40da6 elementor-widget elementor-widget-heading\" data-id=\"2a40da6\" data-element_type=\"widget\" data-widget_type=\"heading.default\">\n\t\t\t\t<div class=\"elementor-widget-container\">\n\t\t\t\t\t<h5 class=\"elementor-heading-title elementor-size-default\">Phone<\/h5>\t\t\t\t<\/div>\n\t\t\t\t<\/div>\n\t\t\t\t<div class=\"elementor-element elementor-element-a714b66 elementor-widget elementor-widget-text-editor\" data-id=\"a714b66\" data-element_type=\"widget\" data-widget_type=\"text-editor.default\">\n\t\t\t\t<div class=\"elementor-widget-container\">\n\t\t\t\t\t\t\t\t\t<p>+221 77 735 46 49<\/p>\t\t\t\t\t\t\t\t<\/div>\n\t\t\t\t<\/div>\n\t\t\t\t\t<\/div>\n\t\t<\/div>\n\t\t\t\t\t<\/div>\n\t\t<\/section>\n\t\t\t\t<\/div>\n\t\t","protected":false},"excerpt":{"rendered":"<p>Inscription Merci de votre int\u00e9r\u00eat pour la cr\u00e8che Boyam Boyam proposent un programme d&#8217;apprentissage innovant pour les enfants de 2&#8230;<\/p>\n","protected":false},"author":1,"featured_media":0,"parent":0,"menu_order":0,"comment_status":"closed","ping_status":"closed","template":"","meta":{"om_disable_all_campaigns":false,"inline_featured_image":false,"_monsterinsights_skip_tracking":false,"_monsterinsights_sitenote_active":false,"_monsterinsights_sitenote_note":"","_monsterinsights_sitenote_category":0,"_uf_show_specific_survey":0,"_uf_disable_surveys":false,"footnotes":""},"class_list":["post-16","page","type-page","status-publish","hentry"],"aioseo_notices":[],"_links":{"self":[{"href":"https:\/\/boyam.sn\/index.php\/wp-json\/wp\/v2\/pages\/16","targetHints":{"allow":["GET"]}}],"collection":[{"href":"https:\/\/boyam.sn\/index.php\/wp-json\/wp\/v2\/pages"}],"about":[{"href":"https:\/\/boyam.sn\/index.php\/wp-json\/wp\/v2\/types\/page"}],"author":[{"embeddable":true,"href":"https:\/\/boyam.sn\/index.php\/wp-json\/wp\/v2\/users\/1"}],"replies":[{"embeddable":true,"href":"https:\/\/boyam.sn\/index.php\/wp-json\/wp\/v2\/comments?post=16"}],"version-history":[{"count":29,"href":"https:\/\/boyam.sn\/index.php\/wp-json\/wp\/v2\/pages\/16\/revisions"}],"predecessor-version":[{"id":20347,"href":"https:\/\/boyam.sn\/index.php\/wp-json\/wp\/v2\/pages\/16\/revisions\/20347"}],"wp:attachment":[{"href":"https:\/\/boyam.sn\/index.php\/wp-json\/wp\/v2\/media?parent=16"}],"curies":[{"name":"wp","href":"https:\/\/api.w.org\/{rel}","templated":true}]}}